{"id":7,"date":"2014-12-11T13:22:20","date_gmt":"2014-12-11T11:22:20","guid":{"rendered":"http:\/\/www.schwedenhaus-bartnik.de\/?page_id=7"},"modified":"2023-02-07T20:07:00","modified_gmt":"2023-02-07T18:07:00","slug":"ausstattung","status":"publish","type":"page","link":"https:\/\/www.schwedenhaus-bartnik.de\/?page_id=7","title":{"rendered":"Ausstattung"},"content":{"rendered":"<p>Machen Sie bitte einen Doppelklick auf das jeseilige Bild, um es zu vergr\u00f6\u00dfern.<\/p>\n<figure id=\"attachment_159\" aria-describedby=\"caption-attachment-159\" style=\"width: 300px\" class=\"wp-caption alignnone\"><a href=\"http:\/\/www.schwedenhaus-bartnik.de\/wp-content\/uploads\/2015\/01\/347.jpg\"><img fetchpriority=\"high\" decoding=\"async\" class=\"size-medium wp-image-159\" src=\"http:\/\/www.schwedenhaus-bartnik.de\/wp-content\/uploads\/2015\/01\/347-300x225.jpg\" alt=\"Eines unserer Schlafzimmer im Haupthaus\" height=\"225\" width=\"300\" srcset=\"https:\/\/www.schwedenhaus-bartnik.de\/wp-content\/uploads\/2015\/01\/347-300x225.jpg 300w, https:\/\/www.schwedenhaus-bartnik.de\/wp-content\/uploads\/2015\/01\/347.jpg 816w\" sizes=\"(max-width: 300px) 100vw, 300px\" \/><\/a><figcaption id=\"caption-attachment-159\" class=\"wp-caption-text\">Eines unserer Schlafzimmer im Haupthaus<\/figcaption><\/figure>\n<p>Der wandh\u00e4ngende Bildschirm ist a.d. Bild noch nicht abgebildet.<\/p>\n<figure id=\"attachment_271\" aria-describedby=\"caption-attachment-271\" style=\"width: 300px\" class=\"wp-caption alignnone\"><a href=\"http:\/\/www.schwedenhaus-bartnik.de\/wp-content\/uploads\/2015\/01\/Venjan-Mai-2011-146.jpg\"><img decoding=\"async\" class=\"wp-image-271 size-medium\" src=\"http:\/\/www.schwedenhaus-bartnik.de\/wp-content\/uploads\/2015\/01\/Venjan-Mai-2011-146-300x224.jpg\" alt=\"Teilansicht der \u00fcberdachten Terrasse\" height=\"224\" width=\"300\" srcset=\"https:\/\/www.schwedenhaus-bartnik.de\/wp-content\/uploads\/2015\/01\/Venjan-Mai-2011-146-300x224.jpg 300w, https:\/\/www.schwedenhaus-bartnik.de\/wp-content\/uploads\/2015\/01\/Venjan-Mai-2011-146.jpg 568w\" sizes=\"(max-width: 300px) 100vw, 300px\" \/><\/a><figcaption id=\"caption-attachment-271\" class=\"wp-caption-text\">Teilansicht der \u00fcberdachten Terrasse zur Seeseite hin.<\/figcaption><\/figure>\n<figure id=\"attachment_94\" aria-describedby=\"caption-attachment-94\" style=\"width: 300px\" class=\"wp-caption alignnone\"><a href=\"http:\/\/www.schwedenhaus-bartnik.de\/wp-content\/uploads\/2014\/12\/P1120545.jpg\"><img decoding=\"async\" class=\"size-medium wp-image-94\" src=\"http:\/\/www.schwedenhaus-bartnik.de\/wp-content\/uploads\/2014\/12\/P1120545-300x225.jpg\" alt=\"Ein weiteres Schlafzimmer im Haupthaus\" height=\"225\" width=\"300\" srcset=\"https:\/\/www.schwedenhaus-bartnik.de\/wp-content\/uploads\/2014\/12\/P1120545-300x225.jpg 300w, https:\/\/www.schwedenhaus-bartnik.de\/wp-content\/uploads\/2014\/12\/P1120545-1024x768.jpg 1024w, https:\/\/www.schwedenhaus-bartnik.de\/wp-content\/uploads\/2014\/12\/P1120545.jpg 1080w\" sizes=\"(max-width: 300px) 100vw, 300px\" \/><\/a><figcaption id=\"caption-attachment-94\" class=\"wp-caption-text\">Ein weiteres Schlafzimmer im Haupthaus<\/figcaption><\/figure>\n<figure id=\"attachment_285\" aria-describedby=\"caption-attachment-285\" style=\"width: 300px\" class=\"wp-caption alignnone\"><a href=\"http:\/\/www.schwedenhaus-bartnik.de\/wp-content\/uploads\/2015\/01\/Venjan-Sept.-2011-196.jpg\"><img loading=\"lazy\" decoding=\"async\" class=\"size-medium wp-image-285\" src=\"http:\/\/www.schwedenhaus-bartnik.de\/wp-content\/uploads\/2015\/01\/Venjan-Sept.-2011-196-300x224.jpg\" alt=\"Teilansicht Wohnzimmer mit Heizkamin\" height=\"224\" width=\"300\" srcset=\"https:\/\/www.schwedenhaus-bartnik.de\/wp-content\/uploads\/2015\/01\/Venjan-Sept.-2011-196-300x224.jpg 300w, https:\/\/www.schwedenhaus-bartnik.de\/wp-content\/uploads\/2015\/01\/Venjan-Sept.-2011-196.jpg 568w\" sizes=\"(max-width: 300px) 100vw, 300px\" \/><\/a><figcaption id=\"caption-attachment-285\" class=\"wp-caption-text\">Teilansicht Wohnzimmer mit Heizkamin<\/figcaption><\/figure>\n<figure id=\"attachment_287\" aria-describedby=\"caption-attachment-287\" style=\"width: 300px\" class=\"wp-caption alignnone\"><a href=\"http:\/\/www.schwedenhaus-bartnik.de\/wp-content\/uploads\/2015\/01\/Venjan-Sept.-2011-223.jpg\"><img loading=\"lazy\" decoding=\"async\" class=\"size-medium wp-image-287\" src=\"http:\/\/www.schwedenhaus-bartnik.de\/wp-content\/uploads\/2015\/01\/Venjan-Sept.-2011-223-300x224.jpg\" alt=\"Bad mit Dusche, Urinal,WC und Waschbecken\" height=\"224\" width=\"300\" srcset=\"https:\/\/www.schwedenhaus-bartnik.de\/wp-content\/uploads\/2015\/01\/Venjan-Sept.-2011-223-300x224.jpg 300w, https:\/\/www.schwedenhaus-bartnik.de\/wp-content\/uploads\/2015\/01\/Venjan-Sept.-2011-223.jpg 568w\" sizes=\"(max-width: 300px) 100vw, 300px\" \/><\/a><figcaption id=\"caption-attachment-287\" class=\"wp-caption-text\">Bad mit Dusche, Urinal,WC und Waschbecken<\/figcaption><\/figure>\n<figure id=\"attachment_284\" aria-describedby=\"caption-attachment-284\" style=\"width: 300px\" class=\"wp-caption alignnone\"><a href=\"http:\/\/www.schwedenhaus-bartnik.de\/wp-content\/uploads\/2015\/01\/Venjan-Sept.-2011-195.jpg\"><img loading=\"lazy\" decoding=\"async\" class=\"size-medium wp-image-284\" src=\"http:\/\/www.schwedenhaus-bartnik.de\/wp-content\/uploads\/2015\/01\/Venjan-Sept.-2011-195-300x224.jpg\" alt=\"Unser Stockbett im G\u00e4stehaus\" height=\"224\" width=\"300\" srcset=\"https:\/\/www.schwedenhaus-bartnik.de\/wp-content\/uploads\/2015\/01\/Venjan-Sept.-2011-195-300x224.jpg 300w, https:\/\/www.schwedenhaus-bartnik.de\/wp-content\/uploads\/2015\/01\/Venjan-Sept.-2011-195.jpg 568w\" sizes=\"(max-width: 300px) 100vw, 300px\" \/><\/a><figcaption id=\"caption-attachment-284\" class=\"wp-caption-text\">Unser Stockbett im G\u00e4stehaus<\/figcaption><\/figure>\n<p>Im Haus ist flie\u00dfendes Kalt- und Warmwasser. <strong>Das Bad <\/strong>verf\u00fcgt \u00fcber eine Duschkabine, ein Urinalbecken, Waschbecken und eine Toilette mit Wassersp\u00fclung.<\/p>\n<p>Jedes der vier <strong>Schlafzimmer <\/strong>hat zwei Betten ( davon zwei Schlafr\u00e4ume mit Etagenbet\u00adten).&nbsp; Im G\u00e4stehaus ist ein TV, im Wohnzimmer ein Flachbild-TV und im gro\u00dfen Schlaf\u00adzimmer ebenfalls ein wandh\u00e4ngendes Flachbild-TV. Alle Fernseher haben Satelliten\u00adantenne. Die <strong>K\u00fcche <\/strong>verf\u00fcgt \u00fcber einen K\u00fchlschrank mit Frostfach, Kaffee\u00admaschine, Mikrowelle, einen 4-flammigen Gasofen mit elektrischem Backofen, sowie eine Sp\u00fcle mit zwei Becken und einem gro\u00dfen Ablaufblech. Die K\u00fcche wurde von dem renomierten K\u00fcchenger\u00e4tehersteller www.gefu.com ausgestattet.<\/p>\n<p>Das Haus wird mit einem sehr <strong>effizienten Stahlkamin <\/strong>mit Panoramascheibe und Gebl\u00e4\u00adse geheizt, bzw. mit einer Elektroheizung, die sich in jedem Raum, einschlie\u00dflich G\u00e4stehaus befindet. Im Vorbau befindet sich der Abstellraum mit einer <strong>K\u00fchltruhe. <\/strong>Die <strong>gro\u00dfe \u00fcberdachte Terrasse <\/strong>hat einen runden Tisch mit 6 St\u00fchlen, 2 Liegest\u00fchle, einen 4-flammigen Gasherd und einen E-Grill f\u00fcr das schnelle Grillen zwischendurch. Die<strong> kleine \u00fcberdachte Terrasse, <\/strong>des G\u00e4stehauses, besitzt einen Tisch und zwei Holzsessel. <strong>Das Wohnzimmer<\/strong> hat eine Ledercouch, drei Sessel und einen Wohnzimmertisch. In der reichhaltigen B\u00fc\u00adcherwand befindet sich der TV mit DVD-Player und Radio. Neben der B\u00fccherwand steht der Heizkamin mit Pnoramascheibe, durch das zuschaltbare Gebl\u00e4se wird die Heizleistung noch zus\u00e4tzlich verst\u00e4rkt. Das <strong>Esszimmer <\/strong>bietet 5 bis max. 6 Personen Platz.<\/p>\n<figure id=\"attachment_189\" aria-describedby=\"caption-attachment-189\" style=\"width: 300px\" class=\"wp-caption alignnone\"><a href=\"http:\/\/www.schwedenhaus-bartnik.de\/wp-content\/uploads\/2015\/01\/P1110265.jpg\"><img loading=\"lazy\" decoding=\"async\" class=\"wp-image-189 size-medium\" src=\"http:\/\/www.schwedenhaus-bartnik.de\/wp-content\/uploads\/2015\/01\/P1110265-300x225.jpg\" alt=\"Essplatz f\u00fcr 5-6 Personen\" height=\"225\" width=\"300\" srcset=\"https:\/\/www.schwedenhaus-bartnik.de\/wp-content\/uploads\/2015\/01\/P1110265-300x225.jpg 300w, https:\/\/www.schwedenhaus-bartnik.de\/wp-content\/uploads\/2015\/01\/P1110265-1024x768.jpg 1024w, https:\/\/www.schwedenhaus-bartnik.de\/wp-content\/uploads\/2015\/01\/P1110265.jpg 1080w\" sizes=\"(max-width: 300px) 100vw, 300px\" \/><\/a><figcaption id=\"caption-attachment-189\" class=\"wp-caption-text\">Essplatz f\u00fcr 5-6 Personen<\/figcaption><\/figure>\n<figure id=\"attachment_91\" aria-describedby=\"caption-attachment-91\" style=\"width: 300px\" class=\"wp-caption alignnone\"><a href=\"http:\/\/www.schwedenhaus-bartnik.de\/wp-content\/uploads\/2014\/12\/P1120278.jpg\"><img loading=\"lazy\" decoding=\"async\" class=\"wp-image-91 size-medium\" src=\"http:\/\/www.schwedenhaus-bartnik.de\/wp-content\/uploads\/2014\/12\/P1120278-300x225.jpg\" alt=\"P1120278\" height=\"225\" width=\"300\" srcset=\"https:\/\/www.schwedenhaus-bartnik.de\/wp-content\/uploads\/2014\/12\/P1120278-300x225.jpg 300w, https:\/\/www.schwedenhaus-bartnik.de\/wp-content\/uploads\/2014\/12\/P1120278-1024x768.jpg 1024w, https:\/\/www.schwedenhaus-bartnik.de\/wp-content\/uploads\/2014\/12\/P1120278.jpg 1080w\" sizes=\"(max-width: 300px) 100vw, 300px\" \/><\/a><figcaption id=\"caption-attachment-91\" class=\"wp-caption-text\">Blick in die K\u00fcche<\/figcaption><\/figure>\n<figure id=\"attachment_255\" aria-describedby=\"caption-attachment-255\" style=\"width: 300px\" class=\"wp-caption alignnone\"><a href=\"http:\/\/www.schwedenhaus-bartnik.de\/wp-content\/uploads\/2015\/01\/P1130118.jpg\"><img loading=\"lazy\" decoding=\"async\" class=\"size-medium wp-image-255\" src=\"http:\/\/www.schwedenhaus-bartnik.de\/wp-content\/uploads\/2015\/01\/P1130118-300x225.jpg\" alt=\"R\u00fcckenschonender Filetier-Tisch im Freien\" height=\"225\" width=\"300\" srcset=\"https:\/\/www.schwedenhaus-bartnik.de\/wp-content\/uploads\/2015\/01\/P1130118-300x225.jpg 300w, https:\/\/www.schwedenhaus-bartnik.de\/wp-content\/uploads\/2015\/01\/P1130118-1024x768.jpg 1024w, https:\/\/www.schwedenhaus-bartnik.de\/wp-content\/uploads\/2015\/01\/P1130118.jpg 1080w\" sizes=\"(max-width: 300px) 100vw, 300px\" \/><\/a><figcaption id=\"caption-attachment-255\" class=\"wp-caption-text\">R\u00fcckenschonender<br \/>Filetier-Tisch im Freien<\/figcaption><\/figure>\n<figure id=\"attachment_274\" aria-describedby=\"caption-attachment-274\" style=\"width: 300px\" class=\"wp-caption alignnone\"><a href=\"http:\/\/www.schwedenhaus-bartnik.de\/wp-content\/uploads\/2015\/01\/Venjan-Mai-2011-190.jpg\"><img loading=\"lazy\" decoding=\"async\" class=\"size-medium wp-image-274\" src=\"http:\/\/www.schwedenhaus-bartnik.de\/wp-content\/uploads\/2015\/01\/Venjan-Mai-2011-190-300x224.jpg\" alt=\"Zus\u00e4tzliche Kochstelle auf der \u00fcberdachten Terrasse\" height=\"224\" width=\"300\" srcset=\"https:\/\/www.schwedenhaus-bartnik.de\/wp-content\/uploads\/2015\/01\/Venjan-Mai-2011-190-300x224.jpg 300w, https:\/\/www.schwedenhaus-bartnik.de\/wp-content\/uploads\/2015\/01\/Venjan-Mai-2011-190.jpg 568w\" sizes=\"(max-width: 300px) 100vw, 300px\" \/><\/a><figcaption id=\"caption-attachment-274\" class=\"wp-caption-text\">Zus\u00e4tzliche Kochstelle auf der \u00fcberdachten Terrasse<\/figcaption><\/figure>\n<figure id=\"attachment_194\" aria-describedby=\"caption-attachment-194\" style=\"width: 225px\" class=\"wp-caption alignnone\"><a href=\"http:\/\/www.schwedenhaus-bartnik.de\/wp-content\/uploads\/2015\/01\/P1110344.jpg\"><img loading=\"lazy\" decoding=\"async\" class=\"size-medium wp-image-194\" src=\"http:\/\/www.schwedenhaus-bartnik.de\/wp-content\/uploads\/2015\/01\/P1110344-225x300.jpg\" alt=\"K\u00fchltruhe im \u00fcberdachten Eingangsbereich\" height=\"300\" width=\"225\" srcset=\"https:\/\/www.schwedenhaus-bartnik.de\/wp-content\/uploads\/2015\/01\/P1110344-225x300.jpg 225w, https:\/\/www.schwedenhaus-bartnik.de\/wp-content\/uploads\/2015\/01\/P1110344-768x1024.jpg 768w, https:\/\/www.schwedenhaus-bartnik.de\/wp-content\/uploads\/2015\/01\/P1110344.jpg 810w\" sizes=\"(max-width: 225px) 100vw, 225px\" \/><\/a><figcaption id=\"caption-attachment-194\" class=\"wp-caption-text\">K\u00fchltruhe im \u00fcberdachten Eingangsbereich<\/figcaption><\/figure>\n<p>&nbsp;<\/p>\n","protected":false},"excerpt":{"rendered":"<p>Machen Sie bitte einen Doppelklick auf das jeseilige Bild, um es zu vergr\u00f6\u00dfern. Der wandh\u00e4ngende Bildschirm ist a.d. Bild noch nicht abgebildet. Im Haus ist flie\u00dfendes Kalt- und Warmwasser. Das Bad verf\u00fcgt \u00fcber eine Duschkabine, ein Urinalbecken, Waschbecken und eine Toilette mit Wassersp\u00fclung. Jedes der vier Schlafzimmer hat zwei Betten ( davon zwei Schlafr\u00e4ume mit [&hellip;]<\/p>\n","protected":false},"author":1,"featured_media":0,"parent":0,"menu_order":0,"comment_status":"closed","ping_status":"open","template":"","meta":{"ngg_post_thumbnail":0,"ocean_post_layout":"","ocean_both_sidebars_style":"","ocean_both_sidebars_content_width":0,"ocean_both_sidebars_sidebars_width":0,"ocean_sidebar":"0","ocean_second_sidebar":"0","ocean_disable_margins":"enable","ocean_add_body_class":"","ocean_shortcode_before_top_bar":"","ocean_shortcode_after_top_bar":"","ocean_shortcode_before_header":"","ocean_shortcode_after_header":"","ocean_has_shortcode":"","ocean_shortcode_after_title":"","ocean_shortcode_before_footer_widgets":"","ocean_shortcode_after_footer_widgets":"","ocean_shortcode_before_footer_bottom":"","ocean_shortcode_after_footer_bottom":"","ocean_display_top_bar":"default","ocean_display_header":"default","ocean_header_style":"","ocean_center_header_left_menu":"0","ocean_custom_header_template":"0","ocean_custom_logo":0,"ocean_custom_retina_logo":0,"ocean_custom_logo_max_width":0,"ocean_custom_logo_tablet_max_width":0,"ocean_custom_logo_mobile_max_width":0,"ocean_custom_logo_max_height":0,"ocean_custom_logo_tablet_max_height":0,"ocean_custom_logo_mobile_max_height":0,"ocean_header_custom_menu":"0","ocean_menu_typo_font_family":"0","ocean_menu_typo_font_subset":"","ocean_menu_typo_font_size":0,"ocean_menu_typo_font_size_tablet":0,"ocean_menu_typo_font_size_mobile":0,"ocean_menu_typo_font_size_unit":"px","ocean_menu_typo_font_weight":"","ocean_menu_typo_font_weight_tablet":"","ocean_menu_typo_font_weight_mobile":"","ocean_menu_typo_transform":"","ocean_menu_typo_transform_tablet":"","ocean_menu_typo_transform_mobile":"","ocean_menu_typo_line_height":0,"ocean_menu_typo_line_height_tablet":0,"ocean_menu_typo_line_height_mobile":0,"ocean_menu_typo_line_height_unit":"","ocean_menu_typo_spacing":0,"ocean_menu_typo_spacing_tablet":0,"ocean_menu_typo_spacing_mobile":0,"ocean_menu_typo_spacing_unit":"","ocean_menu_link_color":"","ocean_menu_link_color_hover":"","ocean_menu_link_color_active":"","ocean_menu_link_background":"","ocean_menu_link_hover_background":"","ocean_menu_link_active_background":"","ocean_menu_social_links_bg":"","ocean_menu_social_hover_links_bg":"","ocean_menu_social_links_color":"","ocean_menu_social_hover_links_color":"","ocean_disable_title":"default","ocean_disable_heading":"default","ocean_post_title":"","ocean_post_subheading":"","ocean_post_title_style":"","ocean_post_title_background_color":"","ocean_post_title_background":0,"ocean_post_title_bg_image_position":"","ocean_post_title_bg_image_attachment":"","ocean_post_title_bg_image_repeat":"","ocean_post_title_bg_image_size":"","ocean_post_title_height":0,"ocean_post_title_bg_overlay":0.5,"ocean_post_title_bg_overlay_color":"","ocean_disable_breadcrumbs":"default","ocean_breadcrumbs_color":"","ocean_breadcrumbs_separator_color":"","ocean_breadcrumbs_links_color":"","ocean_breadcrumbs_links_hover_color":"","ocean_display_footer_widgets":"default","ocean_display_footer_bottom":"default","ocean_custom_footer_template":"0","footnotes":""},"class_list":["post-7","page","type-page","status-publish","hentry","entry"],"_links":{"self":[{"href":"https:\/\/www.schwedenhaus-bartnik.de\/index.php?rest_route=\/wp\/v2\/pages\/7","targetHints":{"allow":["GET"]}}],"collection":[{"href":"https:\/\/www.schwedenhaus-bartnik.de\/index.php?rest_route=\/wp\/v2\/pages"}],"about":[{"href":"https:\/\/www.schwedenhaus-bartnik.de\/index.php?rest_route=\/wp\/v2\/types\/page"}],"author":[{"embeddable":true,"href":"https:\/\/www.schwedenhaus-bartnik.de\/index.php?rest_route=\/wp\/v2\/users\/1"}],"replies":[{"embeddable":true,"href":"https:\/\/www.schwedenhaus-bartnik.de\/index.php?rest_route=%2Fwp%2Fv2%2Fcomments&post=7"}],"version-history":[{"count":40,"href":"https:\/\/www.schwedenhaus-bartnik.de\/index.php?rest_route=\/wp\/v2\/pages\/7\/revisions"}],"predecessor-version":[{"id":491,"href":"https:\/\/www.schwedenhaus-bartnik.de\/index.php?rest_route=\/wp\/v2\/pages\/7\/revisions\/491"}],"wp:attachment":[{"href":"https:\/\/www.schwedenhaus-bartnik.de\/index.php?rest_route=%2Fwp%2Fv2%2Fmedia&parent=7"}],"curies":[{"name":"wp","href":"https:\/\/api.w.org\/{rel}","templated":true}]}}