{"id":9,"date":"2014-12-11T13:22:50","date_gmt":"2014-12-11T11:22:50","guid":{"rendered":"http:\/\/www.schwedenhaus-bartnik.de\/?page_id=9"},"modified":"2023-02-07T20:09:03","modified_gmt":"2023-02-07T18:09:03","slug":"preise","status":"publish","type":"page","link":"https:\/\/www.schwedenhaus-bartnik.de\/?page_id=9","title":{"rendered":"Preise"},"content":{"rendered":"<p><strong>Das<\/strong> <strong>Ferienhaus kostet p. Woche 550 \u20ac<\/strong> <span style=\"text-decoration: underline;\">bis 4 Pers. <em>incl. aller Nebenkosten wie Kaminholz, Strom- und Gasverbrauch, Angel-\/Badeboote, sowie Paddelboot und Kanu.<\/em><\/span>&nbsp;<strong>&nbsp;<\/strong><\/p>\n<p>Die Endreinigung kostet <strong>50 \u20ac &nbsp;<\/strong>&nbsp;&nbsp;<\/p>\n<p>Mehr als 4 Personen: jede weitere Person (\u00fcber 16 J.)<strong> 50 \u20ac &nbsp; &nbsp; &nbsp; &nbsp; &nbsp; &nbsp; &nbsp; &nbsp; &nbsp; &nbsp; &nbsp; &nbsp; &nbsp; &nbsp; &nbsp; &nbsp; &nbsp; &nbsp; &nbsp; &nbsp; &nbsp; &nbsp; &nbsp; &nbsp; &nbsp; &nbsp; &nbsp; &nbsp; &nbsp; &nbsp; &nbsp; <\/strong>Personenzahl bei Buchung bitte angeben.<\/p>\n<p>In der Zeit vom <strong>1.11.-30.4.<\/strong> betr\u00e4gt der Heizkostenzuschlag <strong>100 \u20ac\/Woche<\/strong><\/p>\n<p>Maximal mit 6 Personen kann das Ferienhaus belegt werden!<\/p>\n<p>Das Haus zum Urlaubsende aufr\u00e4umen, feucht durchwischen und besenrein hinterlassen<\/p>\n<p>das Bad s\u00e4ubern und die K\u00fcche aufr\u00e4umen.<\/p>\n<p>Bettw\u00e4sche und Handt\u00fccher bitte mitbringen.<\/p>\n<p>Ab 1.1.2018 wird das Haus profesionell gereinigt. Die G\u00e4ste werden gebeten das Haus besenrein zu verlassen und das Geschirr wegzusp\u00fclen.<\/p>\n<p>Weitere Kosten entstehen nicht.<\/p>\n<p><strong>Ankunft: <\/strong>Samstag ab 16.00 Uhr<br \/>\n<strong>Abfahrt: <\/strong>Samstag bis 10.00 Uhr<\/p>\n<p>Oder nach Absprache.<\/p>\n","protected":false},"excerpt":{"rendered":"<p>Das Ferienhaus kostet p. Woche 550 \u20ac bis 4 Pers. incl. aller Nebenkosten wie Kaminholz, Strom- und Gasverbrauch, Angel-\/Badeboote, sowie Paddelboot und Kanu.&nbsp;&nbsp; Die Endreinigung kostet 50 \u20ac &nbsp;&nbsp;&nbsp; Mehr als 4 Personen: jede weitere Person (\u00fcber 16 J.) 50 \u20ac &nbsp; &nbsp; &nbsp; &nbsp; &nbsp; &nbsp; &nbsp; &nbsp; &nbsp; &nbsp; &nbsp; &nbsp; &nbsp; &nbsp; [&hellip;]<\/p>\n","protected":false},"author":1,"featured_media":0,"parent":0,"menu_order":0,"comment_status":"closed","ping_status":"open","template":"","meta":{"ngg_post_thumbnail":0,"ocean_post_layout":"","ocean_both_sidebars_style":"","ocean_both_sidebars_content_width":0,"ocean_both_sidebars_sidebars_width":0,"ocean_sidebar":"0","ocean_second_sidebar":"0","ocean_disable_margins":"enable","ocean_add_body_class":"","ocean_shortcode_before_top_bar":"","ocean_shortcode_after_top_bar":"","ocean_shortcode_before_header":"","ocean_shortcode_after_header":"","ocean_has_shortcode":"","ocean_shortcode_after_title":"","ocean_shortcode_before_footer_widgets":"","ocean_shortcode_after_footer_widgets":"","ocean_shortcode_before_footer_bottom":"","ocean_shortcode_after_footer_bottom":"","ocean_display_top_bar":"default","ocean_display_header":"default","ocean_header_style":"","ocean_center_header_left_menu":"0","ocean_custom_header_template":"0","ocean_custom_logo":0,"ocean_custom_retina_logo":0,"ocean_custom_logo_max_width":0,"ocean_custom_logo_tablet_max_width":0,"ocean_custom_logo_mobile_max_width":0,"ocean_custom_logo_max_height":0,"ocean_custom_logo_tablet_max_height":0,"ocean_custom_logo_mobile_max_height":0,"ocean_header_custom_menu":"0","ocean_menu_typo_font_family":"0","ocean_menu_typo_font_subset":"","ocean_menu_typo_font_size":0,"ocean_menu_typo_font_size_tablet":0,"ocean_menu_typo_font_size_mobile":0,"ocean_menu_typo_font_size_unit":"px","ocean_menu_typo_font_weight":"","ocean_menu_typo_font_weight_tablet":"","ocean_menu_typo_font_weight_mobile":"","ocean_menu_typo_transform":"","ocean_menu_typo_transform_tablet":"","ocean_menu_typo_transform_mobile":"","ocean_menu_typo_line_height":0,"ocean_menu_typo_line_height_tablet":0,"ocean_menu_typo_line_height_mobile":0,"ocean_menu_typo_line_height_unit":"","ocean_menu_typo_spacing":0,"ocean_menu_typo_spacing_tablet":0,"ocean_menu_typo_spacing_mobile":0,"ocean_menu_typo_spacing_unit":"","ocean_menu_link_color":"","ocean_menu_link_color_hover":"","ocean_menu_link_color_active":"","ocean_menu_link_background":"","ocean_menu_link_hover_background":"","ocean_menu_link_active_background":"","ocean_menu_social_links_bg":"","ocean_menu_social_hover_links_bg":"","ocean_menu_social_links_color":"","ocean_menu_social_hover_links_color":"","ocean_disable_title":"default","ocean_disable_heading":"default","ocean_post_title":"","ocean_post_subheading":"","ocean_post_title_style":"","ocean_post_title_background_color":"","ocean_post_title_background":0,"ocean_post_title_bg_image_position":"","ocean_post_title_bg_image_attachment":"","ocean_post_title_bg_image_repeat":"","ocean_post_title_bg_image_size":"","ocean_post_title_height":0,"ocean_post_title_bg_overlay":0.5,"ocean_post_title_bg_overlay_color":"","ocean_disable_breadcrumbs":"default","ocean_breadcrumbs_color":"","ocean_breadcrumbs_separator_color":"","ocean_breadcrumbs_links_color":"","ocean_breadcrumbs_links_hover_color":"","ocean_display_footer_widgets":"default","ocean_display_footer_bottom":"default","ocean_custom_footer_template":"0","footnotes":""},"class_list":["post-9","page","type-page","status-publish","hentry","entry"],"_links":{"self":[{"href":"https:\/\/www.schwedenhaus-bartnik.de\/index.php?rest_route=\/wp\/v2\/pages\/9","targetHints":{"allow":["GET"]}}],"collection":[{"href":"https:\/\/www.schwedenhaus-bartnik.de\/index.php?rest_route=\/wp\/v2\/pages"}],"about":[{"href":"https:\/\/www.schwedenhaus-bartnik.de\/index.php?rest_route=\/wp\/v2\/types\/page"}],"author":[{"embeddable":true,"href":"https:\/\/www.schwedenhaus-bartnik.de\/index.php?rest_route=\/wp\/v2\/users\/1"}],"replies":[{"embeddable":true,"href":"https:\/\/www.schwedenhaus-bartnik.de\/index.php?rest_route=%2Fwp%2Fv2%2Fcomments&post=9"}],"version-history":[{"count":13,"href":"https:\/\/www.schwedenhaus-bartnik.de\/index.php?rest_route=\/wp\/v2\/pages\/9\/revisions"}],"predecessor-version":[{"id":509,"href":"https:\/\/www.schwedenhaus-bartnik.de\/index.php?rest_route=\/wp\/v2\/pages\/9\/revisions\/509"}],"wp:attachment":[{"href":"https:\/\/www.schwedenhaus-bartnik.de\/index.php?rest_route=%2Fwp%2Fv2%2Fmedia&parent=9"}],"curies":[{"name":"wp","href":"https:\/\/api.w.org\/{rel}","templated":true}]}}